). Let t = f + -237. Is t composite?
False
Suppose -5*b - 2*k + 8439 = 0, 4*b + 13*k - 8*k - 6741 = 0. Is b prime?
False
Let c = -16 + 19. Suppose 2*p = -p - 3*j + 3, -13 = -5*p - c*j. Is 1 - p/(20/(-336)) a composite number?
True
Let q(p) = 2*p**3 - 5*p**2 - 3*p + 6. Let a(g) = g**2 - 2*g + 4. Let x be a(0). Let b be q(x). Suppose -4*t + b = -42. Is t a prime number?
False
Let n(d) = d**2 + 4. Let f = 65 - 84. Is n(f) a prime number?
False
Suppose 0 = -3*p - p - 16. Let a(j) = -22*j - 121*j - 6*j - 9. Is a(p) composite?
False
Let i(k) = 396*k**2 - 3*k + 4. Suppose 0 = -13*z + 3 + 10. Is i(z) a prime number?
True
Let o = 23758 + -16917. Is o prime?
True
Let h(l) = l**2 - 11*l + 21. Let j be h(14). Suppose -3*n + j = o - 309, 4*o - 2*n = 1418. Suppose -6*i = -o - 981. Is i composite?
False
Let d(t) = 3*t**2 - 14*t + 24. Let u be d(-17). Let m = u + -572. Is m prime?
True
Let i(c) = 2*c - 2*c - 2*c + 3 - 13. Let m be i(-20). Suppose -33*k + m*k = -1191. Is k a prime number?
True
Suppose -2*v - 522 = -5*v. Suppose 576 - v = 6*f. Is f a composite number?
False
Let p(j) be the second derivative of -j**5/20 + j**4/3 + 2*j**3/3 + 5*j**2/2 + 5*j. Let f be p(5). Suppose f = -x - x + 118. Is x a prime number?
True
Suppose -3*q - p + 16 = 6, -1 = -p. Suppose -5*k - 233 = -q*u - k, -2 = -2*k. Is u prime?
True
Let l(z) = -2*z**2 + 7. Let v(m) = -10*m**2 + 36. Let p(d) = -16*l(d) + 3*v(d). Let k be p(2). Is 4323/55 + k/10 prime?
True
Let y = -10402 - -23669. Is y a composite number?
False
Let b = -210 + 457. Is b prime?
False
Let k be ((-42)/(-28))/(6/(-1528)). Let i = -725 - k. Let j = 502 + i. Is j composite?
True
Suppose -3922 = -4*g + 578. Suppose -2*z = -701 - g. Is z a composite number?
True
Suppose 186 = -2*z + 696. Let g = 796 - z. Is g prime?
True
Suppose -365 = 2*w - 5*d - 2808, -5*w = -4*d - 6099. Is w prime?
False
Suppose 65184 + 33261 = 15*y. Is y a composite number?
False
Suppose 5*o = -4*t + 35, -3*o = -3*t + 2*o + 35. Suppose -t*z = -7*z - 9. Suppose -144 = z*l - 2049. Is l a prime number?
False
Let i = 29670 - 11189. Is i prime?
True
Suppose -182*r - 124126 = -184*r - 3*t, -2*r + 124122 = 4*t. Is r a composite number?
True
Suppose -2*w + 3*a + 111 = -796, 5*w + 5*a - 2205 = 0. Let y = 75 + w. Is y composite?
False
Suppose -h = -4*w - 5*h + 9796, 0 = 3*w - 4*h - 7382. Suppose 14*u - w = 12*u. Is u prime?
False
Let u be 4/(-14) + (-9)/(-7). Let y = u - -2. Is 1/(y*2/534) a composite number?
False
Suppose 64 - 22 = 21*z. Is 3137*(4 + (-1 - z)) a composite number?
False
Let n(s) be the second derivative of -33*s**3 - 37*s**2 - 10*s. Is n(-6) composite?
True
Let j(d) = d - 7. Let i be j(8). Let y(r) = -3 + r + 1 + i. Is y(8) a prime number?
True
Let r(b) = -b**3 - 20*b**2 - 5*b + 23. Is r(-20) composite?
True
Let b(p) = -3*p - 1. Let y be b(-1). Suppose 0*o + 2*a = 5*o - 1695, y*o - 672 = 2*a. Is o a composite number?
True
Suppose 0 = -15*k + 20404 + 12281. Is k a composite number?
False
Let z(r) = 3*r**3 - 27*r**2 + 16*r - 19. Is z(12) composite?
True
Let o(y) = 3*y**3 + 30*y**2 - 167*y + 31. Is o(27) a prime number?
True
Let r(w) = 1065*w**2 - 38*w + 192. Is r(5) a composite number?
False
Let o(f) = 2*f**2 - 16*f - 9. Let n be o(9). Let b(z) = 14*z**2 + 8*z + 11. Is b(n) a composite number?
False
Let u = -27 + 32. Suppose u*w - 739 = -2*f, -4*f - 586 = 5*w - 2079. Is f a prime number?
False
Let d be (-6)/3 + 15548 - -4. Suppose d + 3827 = 9*h. Is h a composite number?
False
Suppose 0 = 2*m - 284 + 18. Let r = 204 + m. Is r a composite number?
False
Suppose -9293 = -3*p - 4*t, 5*p - 3*t + t - 15445 = 0. Suppose 2*u + 3*d - p = 0, u = d + 1602 - 44. Is u a prime number?
True
Let c = 4197 + 3100. Is c composite?
False
Let r(h) = -12*h**3 - 7*h**2 + 3*h - 31. Is r(-12) prime?
True
Let i(k) = k**2 - 8*k + 14. Let l be i(7). Suppose 6*d = l*d. Suppose d = 4*j - 79 - 265. Is j prime?
False
Suppose 3*c + 1614 = -2*a - a, -3*c - 1609 = 2*a. Is (-30)/135 + c/(-9) a prime number?
True
Let u be (52/(-16))/((-2)/(-16)). Let v = u - -20. Let y(d) = 19*d**2 + 7*d - 7. Is y(v) a composite number?
True
Let s(v) = v**3 - 26*v**2 + 83*v + 87. Is s(25) a composite number?
True
Let z(w) = 1 + 98*w - 5 - 126*w + 3. Suppose -o + 3*o = -4. Is z(o) a composite number?
True
Let m = -20 + 25. Suppose -m*c - 4*z + z + 1031 = 0, -5*c - z = -1027. Is c a composite number?
True
Let h(v) = v + 1. Let k be h(-7). Let r = -274 - -253. Is k/r - 7728/(-49) a prime number?
False
Let n(o) = o**3 - 2*o**2 - 3*o - 7. Let k be 8 + -3 - (3 - 3). Is n(k) prime?
True
Let b(u) = 1169*u + 14. Let c(f) = 2338*f + 27. Let q(v) = -5*b(v) + 2*c(v). Is q(-3) composite?
False
Let m = -21462 - -82109. Is m prime?
True
Let i = -2536 - -4359. Is i prime?
True
Let i(w) = -247*w - 636. Is i(-37) composite?
True
Suppose 0*u - 1446 = -u. Suppose 0 = 3*f - u - 159. Is f a composite number?
True
Let t(k) = 2*k**3 - k**2 + 2393. Suppose 28*l = 32*l. Is t(l) composite?
False
Suppose -586 = 5*c - 3*c + i, 6 = -3*i. Let x = c - -411. Is x a prime number?
False
Suppose -5*x + 5*o - 9*o + 10715 = 0, -2*o + 2137 = x. Is x a prime number?
False
Let g = 3447 + -1503. Suppose 6*a - 3*a - g = 0. Suppose -1631 = -5*u + x, 2*u + 4*x - a = -0*x. Is u a composite number?
True
Suppose -20*j + 275967 - 28187 = 0. Is j composite?
True
Let o(q) = 2*q**3 - 21*q**2 - 7*q - 45. Is o(17) composite?
False
Let k(r) = 545*r + 44. Is k(3) a prime number?
False
Let v = 48 - -2675. Is v composite?
True
Suppose -219*l - 3365 = -220*l. Is l prime?
False
Let y be (-3 - -510)*(0 + 2). Let j = y - 683. Is j prime?
True
Suppose -4069 = -k + s + 15624, 2*k - 5*s - 39386 = 0. Is k composite?
True
Let y be 1/(2 - 3)*9. Let m be 3236 - (-1 + y/(-3)). Suppose -f + 519 = -4*i, 5*f - 3*i - m + 724 = 0. Is f a prime number?
True
Let g be -98 + (2 - 0) + 0. Let x = g - -61. Let i = 256 + x. Is i a composite number?
True
Suppose -2 = -5*i - 2*m, -5*i + 0*m + 5*m + 30 = 0. Suppose -5*j + i*j = -1611. Is j/2*4/6 composite?
False
Suppose y - 728 = 3*v - y, -4*v = 5*y + 986. Let n = -41 - v. Is n composite?
True
Let o be ((-1908)/(4/2))/1. Let x = -334 - o. Let t = x - 387. Is t composite?
False
Let z = -43 + 504. Suppose -2*x + z = -321. Is x a prime number?
False
Suppose 11*v = 470 + 795. Is v a composite number?
True
Let r(h) = h**2 - 2*h - 15. Let n be r(5). Is ((-222)/(-8) + n)*(-24)/(-9) prime?
False
Let u be (0 + 1)/(23/(-483)). Let l = u + 24. Suppose -l*w - 2*w = -r + 790, -5*r = 5*w - 4100. Is r a prime number?
False
Suppose -5*p + 3*f + 0*f = -7, -p + 3 = f. Let k be ((3 - 0) + 3)/p. Suppose -4*d = t - 401, d + 2*d = -k*t + 1230. Is t composite?
True
Let n be (4 + (-30)/4)*12/(-14). Suppose n*u - 3172 - 923 = -4*c, -4077 = -3*u + 2*c. Is u prime?
True
Suppose 5*p = p + 79880. Suppose -f + 3*f + w = 7983, 5*w = -5*f + p. Is f prime?
True
Let i be (89 - -2)*(5 - 4). Suppose f + 0*f = i. Is f a prime number?
False
Suppose 0 = 5*i - 2*l - 977, 0*l + 4*l = -2*i + 410. Suppose -5*q - i = 5*h - 1637, 3*h = 2*q + 869. Is h prime?
False
Let a(z) be the first derivative of z**6/360 + z**5/24 - z**4/24 + 3*z**3 + 6. Let g(t) be the third derivative of a(t). Is g(-15) prime?
True
Suppose -6*j + 23 = -13. Is (996/(-18))/(j/(-27)) a prime number?
False
Suppose -7*x + 71 = -48. Let d be 3160/x - (-6)/51. Suppose 0 = -4*a + d + 442. Is a a composite number?
False
Let q = -48 + 48. Suppose q = -j + 266 - 55. Is j composite?
False
Let c = 567 + -244. Is c a prime number?
False
Let n(q) = 25*q**3 + 4*q**2 + 4*q + 1. Let y be n(-3). Is -1 + y/(-5) + -2 prime?
True
Suppose -10 = 4*b - 26. Is (-158)/b*1*-2 prime?
True
Is (-70918)/(-6) + 286/(-429) prime?
False
Suppose -5*v + v - u - 1415 = 0, 9 = -3*u. Let n = 15 + -21. Is n + 7 + (1 - v) composite?
True
Let s be -2 - 4026/9*(-5 + 8). Let o = 973 - s. Is o a prime number?
False
Suppose 4*l + m = 27490 - 1155, -2*l + 13175 = 3*m. Is l a composite number?
True
Let z be ((-1)/(-2))/((-5)/(-50)). Suppose 0 = z*r + 2*r - 1295. Is r composite?
True
Suppose -5*w + 0*i + 1119 = i, 4*i - 1131 = -5*w. Is w a prime number?
True
Let g(d) = -4092*d + 8. Let m be g(-7). Let x be (-4)/22 + m/44. Is 10/40 + x/4 a composite number?
False
Is 341 + -8 + (-8)/(-2) a composite number?
False
Let y(a) = -2*a**3 - 4*a**2 - 7*a - 3